5
0 + (-2 - -5 - 3)
0
Evaluate -5 + (-3 + 2 - -3).
-3
-3 + 1 - -4 - (-4 + 1)
5
Calculate (-4 - 0) + 0 + 3.
-1
Calculate (9 - 3) + 2 + -4.
4
What is the value of 38 + -28 - (5 - 1)?
6
What is 197 + -201 + (13 - 1 - 0)?
8
Evaluate -2 + 2 + 1 - (-2 + 8).
-5
What is -9 + (0 - -2 - -3)?
-4
Evaluate -4 - (-8 + 3) - -1.
2
What is 0 + 10 - (-66 + 81)?
-5
What is (2 + 4 - 5) + 3?
4
What is (0 - (0 - 2)) + 0?
2
What is 36 + -34 + (-6 - 1)?
-5
What is the value of -5 - (-2 + 2 - (-1 + 6))?
0
What is the value of (1 - (7 - (7 - 4))) + -4?
-7
-17 - -20 - (-1 + 6 + 2)
-4
Calculate (15 - 24) + 4 + 4 + -3.
-4
Calculate -12 - ((-4 - 0) + 0) - 3.
-11
What is the value of -5 + -2 + -3 + 5?
-5
-3 - (-3 - (-7 + 4))
-3
-6 - -2 - -3 - -5
4
Calculate 10 + -16 - (-3 + 1).
-4
What is the value of 12 + (-6 - (0 - -3))?
3
What is the value of (-24 - (-11 - 1)) + 13?
1
Calculate 5 + (6 + 0 - 8) - 10.
-7
(-2 - 1) + -1 + 2
-2
Evaluate 2 - ((-11 - -7) + (7 - 1)).
0
Calculate 15 + -15 - ((2 - 3) + -1).
2
Evaluate -2 + (-15 - -15 - (1 - -1)).
-4
What is the value of 1 + (-7 - -10) + (2 - -1)?
7
What is the value of -5 + 2 - 2 - -5?
0
Calculate -29 + 27 + (-2 - -3).
-1
Evaluate (68 - 64) + (-2 - (-1 + 0)).
3
Evaluate (-28 - -6) + 13 + (1 - -7).
-1
Calculate -2 - 4 - -2 - 1.
-5
What is 18 + -10 + -9 + 2?
1
Calculate -83 + 91 - (2 - 3).
9
What is the value of 21 - 11 - (3 + (-3 - -7))?
3
What is -5 + (-17 - -3) - -11?
-8
What is 3 - (2 - (-2 - 3))?
-4
Calculate (-4 - 2) + 4 + -2 + 2.
-2
(9 + -15 - -11) + (-2 - 0)
3
What is 9 + -1 + -1 - 5?
2
What is the value of -1 - (-1 + 7 - 7)?
0
3 + -10 + 2 + 4 + 0
-1
What is 5 + 1 + -4 + 2 + -2?
2
(1 - 1) + -5 + 8
3
Evaluate (3 - 1) + -4 - (-4 - -3).
-1
What is 2 + -3 + (-5 - -3 - -6)?
3
Evaluate (-2 - -4) + -3 + 10 + -14.
-5
What is the value of 2 - -4 - (5 - (-3 - -2))?
0
What is the value of (0 - (-5 + (-3 - -4))) + -3?
1
What is the value of 0 + (12 - (18 + -14))?
8
What is the value of -4 - (6 - (-8 + 21 + -5))?
-2
Evaluate 5 + 1 + -3 + -8 + 11.
6
Evaluate 0 - 1 - 0 - 0.
-1
What is the value of -8 - (3 - (4 - -9))?
2
Calculate 0 - (-4 - -6) - -2.
0
What is the value of (-2 - (2 - (7 + -8))) + 15?
10
What is (0 - -9) + (24 - 27) - 0?
6
What is 9 + (3 - 7) - 3 - 7?
-5
Calculate -1 - (-5 - (-5 + 1) - -2).
-2
Evaluate -45 + 50 + (-1 - 2).
2
What is the value of 7 + -8 + -6 - -11?
4
What is 2 - ((-1 - 2) + 1)?
4
Calculate (-7 - -12) + -7 + -9 + 7.
-4
What is the value of -17 + 12 + (1 - -6)?
2
What is 1 - 2 - (-2 + (4 - 2))?
-1
Evaluate 7 + -6 + -10 + 12.
3
Calculate 11 + -8 + 1 + 4.
8
Calculate -4 + (-4 - -6 - 1 - -9).
6
What is the value of 2 + (2 + -3 + 6 - 8)?
-1
Evaluate (-8 - (-3 - 1)) + 6 + 0.
2
Calculate 1 + -4 + (33 - 27).
3
Evaluate 0 + (17 - 7) + -6.
4
Evaluate -5 - (-4 - (-2 + 2)).
-1
What is -12 - (10 - 22) - 5?
-5
Evaluate -8 + 0 + 12 + -2.
2
What is (-2 - (-1 + 2)) + (-13 - -13)?
-3
Evaluate -1 - (2 + 4) - (-52 + 37).
8
-1 - -4 - (5 + -9 + 4)
3
What is -3 + 0 + 9 - (0 - -13)?
-7
What is the value of -5 + (-6 - (2 - 4)) + 6?
-3
What is (-20 - -21) + (8 - (3 + 0))?
6
What is 0 - (-10 + 5) - 2?
3
2 + -1 + 0 + -4
-3
-1 + (4 - 4) + -1
-2
What is the value of 0 + -2 + (-20 - -24)?
2
What is -4 + (-1 - (-9 - -7) - -5)?
2
What is -2 + 4 + 9 - 8?
3
-3 + -1 + (1 - -1)
-2
Calculate -2 + 7 + -6 - 1.
-2
What is 3 - 1 - (0 + 7 - 8)?
3
Calculate (1 - (6 + -5)) + -2 + -4.
-6
Evaluate (-10 - -8) + 1 + 1 + -1.
-1
Evaluate 9 + 8 + -4 + -5.
8
Calculate 8 + -11 + 0 + 6.
3
Evaluate -2 + 0 + 3 - -2.
3
Evaluate -3 + 1 + -4 - (5 - 9).
-2
Evaluate -3 + -2 + 2 - (-32 - -30).
-1
Evaluate 1 + -3 + 3 + (-10 - -14).
5
Evaluate (-60 - -58) + (2 - -1).
1
What is 3 - (9 - (4 + 3))?
1
What is 7 - (2 - (-1 + -2))?
2
Calculate 2 - (3 - 4) - (14 - 11).
0
What is -6 + (14 - 5) - 0?
3
What is (0 - 11) + -183 + 197?
3
What is 22 + -25 - (-12 - (-2 + 1))?
8
What is the value of 7 - (3 - 0 - (3 - 5))?
2
Calculate 8 - (3 - 3) - (4 + -3).
7
What is the value of 9 + 14 + -6 - 11?
6
-4 - ((-7 - -2) + (11 - 14))
4
What is the value of 2 + (-1 - 7) + (-18 - -25)?
1
What is the value of ((-6 - 1) + 1 - -3) + -2?
-5
Evaluate -5 + -5 + 6 - -2.
-2
(13 - (17 + -3 + -6)) + 0
5
What is the value of 18 + (10 - 5) - 13?
10
Calculate (-1 - 3) + -8 - (-8 - -2).
-6
Calculate -7 + 10 + (-1 - 0).
2
What is -11 + 8 + (-2 - -7)?
2
Evaluate -5 + 1 - (-9 + (-5 - -6)).
4
(0 - 0 - 2) + 16 + -15
-1
What is the value of 17 + -2 - 20 - (1 + -9)?
3
Calculate 7 - (1 + -7 + 12).
1
7 - 2 - (11 + -9)
3
Calculate 2 + -1 + -2 + 2.
1
What is -7 - -9 - (2 + -3) - 6?
-3
Calculate -5 - (-2 - 17 - -6) - 10.
-2
Evaluate -1 - 0 - -6 - (153 + -141).
-7
Calculate 1 + (-5 - 4) + 3.
-5
Calculate 8 + -8 - (2 - -1).
-3
-7 - (-6 + 6 - 7)
0
What is the value of 10 + (-6 + 2 + 0 - -1)?
7
What is 6 - (1 + (-2 - -5))?
2
Evaluate 5 - (1 + 0 - 0) - -1.
5
What is 0 + 8 - (89 + -74)?
-7
Calculate (-2 + 9 - 1) + 0 - 8.
-2
(-1 - (-2 + 1)) + 18 + -15
3
Evaluate -4 + -6 + (-1 - -4) - -2.
-5
Evaluate -5 - (2 + -8 + -1 + 5).
-3
Calculate (-41 - -49) + (3 - 0 - 3).
8
-6 - ((3 - 8) + 7)
-8
What is -14 - (-7 + 3 + -4)?
-6
Calculate 7 + -4 - (0 - 0).
3
Calculate -5 + 2 + (0 - 0) - -2.
-1
What is 3 - (-8 + 18 + -4)?
-3
What is 8 + -8 + 2 + 0 + -2?
0
Calculate 0 - 2 - -7 - 6.
-1
What is the value of (13 - 10) + (-1 + -2 - 0)?
0
(217 - 219) + -1 + 1
-2
What is 1 - -1 - (-10 + (19 - 5))?
-2
Calculate 2 + (-2 + -3 - 0).
-3
What is 14 - 10 - (-1 - 1) - 1?
5
Calculate (-3 - (5 + -13 + 3)) + 1.
3
What is -12 - 3 - (-16 + 6)?
-5
Evaluate -21 - -17 - ((-1 - -1) + -13).
9
6 - (-2 + 8 + 5)
-5
2 - (3 + (0 + -8 - -3))
4
Calculate (-1 - -10) + (-23 - -10).
-4
Calculate -4 - (-6 - -4 - 4).
2
-2 - (-1 - (-2 - -6))
3
(4 - (2 + (0 - 1))) + -2
1
What is the value of (41 - 33) + (-13 - -1)?
-4
What is the value of -9 + -1 + 17 - 5?
2
Evaluate -4 + (3 + 4 - 2).
1
-1 - (-1 + -3) - 1 - 1
1
What is (26 - 21) + (1 - 3) + -2?
1
Evaluate -2 + (0 - -4 - 2).
0
Calculate 6 + 2 + (-4 - 6 - -4).
2
What is the value of (6 - 7) + (-7 - -10)?
2
6 - (-4 + 4 + 0) - 4
2
What is the value of -5 + 0 + -34 + 35 - -6?
2
What is 13 - 8 - 0 - 1?
4
What is 0 - -2 - (-6 + (19 - 18))?
7
-3 + (1 - -7) - 8
-3
What is the value of -7 - -1 - (12 - (13 + -2))?
-7
What is the value of (12 - (4 - 0)) + -7?
1
What is the value of -1 + 0 + 0 + -4?
-5
What is the value of 1 - -7 - (-2 + (-7 - -11))?
6
-8 - -18 - 9 - (2 - -2)
-3
Evaluate 3 - ((3 - -4) + -3).
-1
What is the value of 0 - (-3 + 0 - (2 - 7))?
-2
-6 - -2 - (-6 + 2)
0
Calculate (-3 - -6) + -7 + 0 + 9.
5
What is the value of -48 - -43 - (-2 - 6)?
3
What is the value of (-7 - -15) + (-5 - 0) - 3?
0
Calculate 1 + 5 - (18 - 17).
5
What is the value of 2 - 3 - (4 + -6)?
1
What is 7 + -4 + (1 - 1 - -2)?
5
15 + -15 + (3 - -1)
4
Evaluate -3 + 5 - 2 - 4.
-4
Calculate (-2 + 2 - 5) + 0 + 4.
-1
Calculate -3 - -5 - (0 + (0 - 5)).
7
What is 15 + (-4 - ((5 - -1) + -2))?
7
What is -12 + -3 + 23 + -2?
6
-11 + (20 - -4) - 11
2
9 + (-3 - (4 + -2))
4
What is (-12 - (4 - 8)) + 3?
-5
What is the value of (6 - 3) + (-3 - 0 - 4)?
-4
Calculate (-4 - (-1 - (3 + -4))) + -1.
-5
Evaluate 2 - (0 + 2 + -1) - -2.
3
Calculate 2 + -5 + -5 + 3.
-5
Calculate (2 - 1) + (-6 + 3 - 2).
-4
What is the value of 2 + -2 + 0 + 1?
1
What is 73 - 69 - (6 + (1 - 3))?
0
7 - 8 - (2 + 0)
-3
Evaluate 4 + -3 + 10 - 16.
-5
-28 + 28 - (-2 + -2)
4
Calculate -3 + (-1 - -5) + (0 - -3).
4
What is 7 + 9 + -4 + -8?
4
What is the value of (-5 - -4 - 3) + 4?
0
What is 2 - 1 - (-14 + 2 - -14)?
-1
Evaluate (5 - 1) + (-35 - -23).
-8
9 - 10 - (0 - 0)
-1
Calculate -7 + 6 + (1 - -1).
1
What is -6 + 6 + (-11 - -7)?
-4
What is (8 - 3) + 2 - (7 + -2)?
2
What is the value of 0 - (2 - 1) - (-5 - 0)?
4
1 - (-5 - -2 - 0)
4
Evaluate (-2 - 8) + (-1 - -8) + -2.
-5
Evaluate 9 + (5 - 5) + -3.
6
-10 + 16 + (-2 - 1)
3
What is 4 + (-1 - -1 - 1)?
3
What is -7 - (6 - 6 - 6 - 5)?
4
What is the value of -5 - 0 - -5 - 7?
-7
What is (16 - 11) + -7 + 0 + 2?
0
Evaluate -3 - (-2 + 3) - -9.
5
-1 + 2 + (7 - 2 - 8)
-2
Calculate -5 + (-3 - -3) - -10.
5
Evaluate -8 - (-8 - -5 - 10).
5
What is the value of -4 + 2 + 1 - -5?
4
Evaluate (3 + 0 - 4) + 4 + 2.
5
What is the value of 2 + -13 + (3 - (-1 + -2))?
-5
What is -9 + -1 + 10 + -7?
-7
8 + -7 + -7 - -2 - -5
1
What is the value of ((3 - 7) + -2 - 1) + 1?
-6
What is the value 